t l = 27 + -29. Let y be v(l). Let b = y + 30. Calculate the greatest common factor of 34 and b.
17
Let m = -1616 + 1621. Calculate the greatest common factor of m and 1805.
5
Suppose 17 - 2 = u. Let z be 5*6/15 + 95. Let b = 157 - z. What is the greatest common divisor of u and b?
15
Let x be 6/(-12) + 30/4. Suppose 9*w + 1836 = x*w. Let i be w/(-21) + (-6)/(-21). What is the highest common factor of i and 66?
22
Suppose 4*h = -3*h - 259. Let f = h - -61. Let u = 7 - 4. What is the highest common divisor of u and f?
3
Suppose 7*s = -147 + 1099. Let i(c) = -c**2 + 8*c + 3. Let v be i(6). Suppose x - 4 - v = -w, 4*x = -2*w + 72. Calculate the greatest common factor of x and s.
17
Let u(m) = m - 1. Let j be u(7). Let q be (3 - j) + 18/1. Let t be 104 - 2/(-1 + -1). Calculate the greatest common factor of q and t.
15
Suppose 8*x - 405 = -10*q + 3*x, 0 = -5*x + 5. What is the greatest common factor of 8 and q?
8
Let b be (-1)/((-1)/27*3). Let j be (b/(-6))/((-15)/70). What is the greatest common factor of 49 and j?
7
Let k(x) = 2*x**2 + 28*x + 60. Let f be k(-14). Calculate the greatest common factor of f and 105.
15
Let x(d) = d**3 - 20*d**2 + 31*d + 22. Let w be x(19). What is the greatest common factor of w and 100?
50
Suppose -2*u - 8 = 2*g, 4 = g - 2*u + 7*u. Let c(k) = 2*k**2 - 3*k + 14. Let q be c(g). What is the greatest common factor of 13 and q?
13
Suppose -36*w + 590 + 274 = 0. Calculate the greatest common factor of 960 and w.
24
Let g(i) = 4*i**2 - 5*i - 36. Let r be g(-6). Calculate the highest common divisor of r and 874.
46
Let z(f) = -f**3 - 10*f**2 + 20*f + 17. Let q be z(-13). Let u be q/10 - 9/(-15). What is the greatest common factor of u and 45?
9
Suppose 0 = 11*b - 249 - 103. Calculate the highest common factor of b and 1888.
32
Let c be 7*8/252*99. Calculate the highest common factor of c and 66.
22
Let n(o) = -29 + 4*o - 3*o - 2*o - 5*o. Let x be n(-5). What is the greatest common factor of 11 and x?
1
Let n = -19 + 31. Let f(y) = -y**3 + 9*y**2 - 7*y - 2. Let s be f(8). Calculate the greatest common divisor of n and s.
6
Let a(r) = r**3 - 5*r**2 + 3. Let j be a(5). Suppose -b + 308 = j*b. Let d be (-21 - 1)/(7 + -7 + -2). Calculate the greatest common factor of b and d.
11
Let s(d) = 3*d**2 - 35*d + 287. Let p be s(12). Calculate the greatest common divisor of p and 46.
23
Let q(g) = -38*g + 159. Let k be q(4). What is the highest common divisor of k and 161?
7
Let f(g) = g**3 + 4*g**2 + 2*g - 2. Let a be f(-3). Let p be 1*(a + -4 + 4). Let b be 267/12 + p/(-4). What is the greatest common divisor of b and 2?
2
Let u = -15 - -299. Calculate the highest common divisor of u and 71.
71
Let w(x) = -57*x + 16. Let h be w(0). What is the highest common divisor of h and 296?
8
Let y be ((-3)/2)/(9/(-360)). Let i be (y - (6 + -3)) + 0. Let z be ((-3)/6)/(1/(-38)). Calculate the greatest common factor of z and i.
19
Let z = 85 - 60. Let y be 1/(-3)*0 + z. Suppose 0 = -5*d + y, -4*j + 3*d = d - 70. Calculate the highest common divisor of j and 5.
5
Let r = -30 + 35. Let t(y) = -y**3 + 8*y**2 - 13*y + 5. Let u be t(r). Calculate the greatest common divisor of u and 10.
5
Let h(f) = -f**3 + 49*f**2 + 49*f + 69. Let i be h(50). What is the greatest common divisor of i and 1?
1
Let k = -27 + 31. Suppose -k*s - 5*s + 459 = 0. Let f be -1*17*(-2)/2. Calculate the greatest common divisor of f and s.
17
Suppose 79*y - 1092 = y. What is the greatest common factor of y and 203?
7
Suppose -15*o + 18*o + 2*d - 316 = 0, 3*o - 322 = -5*d. What is the greatest common divisor of o and 494?
26
Suppose -4*o + 30 = o. Let m be ((-2)/(-3))/(2/o). Calculate the greatest common divisor of m and 10.
2
Suppose 3*i + 2*r = 33, 5*i = i + 2*r + 44. Let z(o) = -o**2 + 15*o - 26. Let b be z(i). Calculate the greatest common divisor of 12 and b.
6
Let l = 220 + -133. What is the greatest common divisor of l and 29?
29
Let r = -12 - -153. What is the greatest common divisor of 3 and r?
3
Let c be 74/(7/(-21)*(-3)/(-1)). Let f = -54 - c. Calculate the highest common divisor of f and 80.
20
Suppose -m + 3*m = 4. Suppose -m*o + o = 0. Let x be (-1 + o - -20) + -4. What is the highest common factor of 15 and x?
15
Let c(t) = -t**2 - t - 2. Let x be c(0). Let i be -4 + 27 + x + 1. What is the greatest common factor of 11 and i?
11
Suppose 4*u - 916 = 4*c, -u - 2*c = -117 - 100. Suppose 5*a = -0*a + u. Let n be (2/(-4))/(2/(-120)). Calculate the greatest common factor of a and n.
15
Let p(f) = -f**3 + 5*f**2 + 11*f + 10. Let i be p(6). Calculate the highest common factor of 52 and i.
4
Let p = -175 - -283. Calculate the greatest common factor of p and 270.
54
Let d = -62 - -78. Suppose -14*b - 550 = -d*b. Calculate the greatest common factor of b and 25.
25
Let b(j) = -2*j**3 - 8*j**2 - 5*j - 14. Let y be b(-6). Suppose -20*v = -18*v - y. Calculate the highest common factor of v and 16.
16
Let l be 3 - (-1550)/6 - (-5)/(-15). Calculate the greatest common factor of l and 58.
29
Suppose 2*o - 4*b + 4 = -0*o, -4*o + 5*b + 1 = 0. Let m(h) = 2*h**3 - 34*h**2 + 4*h - 40. Let i be m(17). What is the greatest common factor of i and o?
4
Suppose 60*u = 70*u - 1550. What is the highest common divisor of u and 10?
5
Suppose 0 = -p - 2*p. Suppose 0 = -p*s - s - 13. Let m be (-21)/14 + s/(-2). Calculate the highest common factor of 15 and m.
5
Let i = -14063 + 14065. Let j(y) = 2*y - 1. Let a be j(3). Calculate the greatest common factor of i and a.
1
Suppose -6*z - 138 = -8*z. Suppose -w - 69 = -4*w. What is the greatest common divisor of z and w?
23
Let k = 13 - 9. Suppose -2*h = k*h - 72. Calculate the highest common divisor of h and 192.
12
Suppose 0 = 16*k - 14*k. Suppose k = 4*l - 2 - 26. What is the greatest common divisor of l and 49?
7
Let s(g) = 7*g + 14. Let z be s(7). Let i = -64 + 85. What is the greatest common divisor of i and z?
21
Suppose -5*y = -3*a + 2133, -3*a + 1993 = -3*y - 134. Let b = a + -412. What is the highest common factor of 49 and b?
49
Suppose 3*h + 56 = 4*x, -2*h + 7 = x - 18. Let r = 29 - x. Suppose 5*z - 12 = 3*z. Calculate the greatest common factor of r and z.
6
Suppose -37 = -6*u + 65. Suppose -18*c = -u*c - 640. Let x be (-2)/6 + c/48. What is the highest common divisor of 13 and x?
13
Suppose -4*g - 1260 = -4*v, -113 = -v - g + 212. What is the greatest common divisor of v and 128?
64
Suppose 0 = -p, -4*k + 250 + 1026 = -2*p. What is the highest common factor of k and 22?
11
Let p = 2 + 2. Suppose 2*x = -p*b + 2*b + 28, -b + 50 = 4*x. Suppose 314 = 3*g + n + 30, 2*n = -8. What is the greatest common factor of g and x?
12
Let h = -3 + 34. Suppose 0 = -6*i + 3*i + 5*b + 95, -2*b = -i + h. Calculate the highest common divisor of 70 and i.
35
Suppose -5*m - 9*d + 421 = -7*d, -3*m - 2*d + 255 = 0. What is the greatest common factor of m and 3403?
83
Suppose -52 = -11*j + 608. Let b(h) = 4*h**2 + 3*h. Let w be b(3). Calculate the highest common factor of w and j.
15
Suppose -2*h + 240 = 3*h. What is the greatest common factor of h and 2064?
48
Let z(n) = 12*n - 15*n - 4*n**2 + 8*n - n**3 + 3. Let f be z(-5). Let l be (f/(-6))/(1/(-56)). What is the greatest common divisor of l and 4?
4
Let k be (9 - (-16)/(-24)) + 1/(-3). Calculate the highest common divisor of 216 and k.
8
Suppose 0 = 4*z - 5*k - 0*k - 645, 0 = -2*k - 2. Suppose 4*o + l = z, 4*o = -2*l + 192 - 28. Let v = 143 - o. What is the greatest common factor of v and 26?
26
Let v = 67 - 94. Let j be -4 - (v - (-3 - 0)). What is the highest common divisor of j and 120?
20
Suppose -2*b + 0*b = -68. Suppose h - 2*n = 12 + 9, -5*h + 4*n + 93 = 0. What is the highest common divisor of h and b?
17
Let c be (-12)/(-6) - (-1)/(5/30). Suppose 5 + 7 = 2*x. What is the highest common factor of x and c?
2
Let s(a) = 8*a - 27. Let i be s(13). Suppose -i - 131 = -2*h. What is the greatest common factor of 26 and h?
26
Let l be -6 + 134/((-10)/5)*-2. Calculate the highest common factor of 208 and l.
16
Suppose 0 = 22*t - 17*t - 425. Let n = -70 + t. What is the highest common factor of 75 and n?
15
Suppose 19 = -u + 2*u + 3*z, u = 4*z - 16. Suppose 3*k + 2*o = 138, -u*k - 88 = -o - 261. Calculate the highest common divisor of k and 4.
4
Suppose -4*d = -14 - 18. Let q = -349 + 350. Calculate the hig